t is -1113320 - 3?
-1113323
In base 3, what is 11012102 - -1?
11012110
In base 2, what is -1000 - 1?
-1001
In base 5, what is -13402 - 1?
-13403
In base 14, what is 622 + 4?
626
In base 13, what is -1b - 97?
-b5
In base 4, what is 221 + -11?
210
In base 7, what is 430 - -2?
432
In base 15, what is 76 - -5?
7b
In base 4, what is -1 - 113020?
-113021
In base 10, what is -448 - 5?
-453
In base 10, what is -712 - 4?
-716
In base 15, what is 1 - -14a?
14b
In base 15, what is -14 + -a?
-1e
In base 6, what is 4 + 123?
131
In base 16, what is -4 - -91?
8d
In base 11, what is 2 + 95?
97
In base 15, what is b9 + -2e?
8a
In base 12, what is 9a + -1a?
80
In base 11, what is -11 - 5?
-16
In base 13, what is -3 - 17?
-1a
In base 15, what is 1d - 61?
-43
In base 6, what is -153 + -12?
-205
In base 7, what is 5 - 315?
-310
In base 4, what is -1122 + 10?
-1112
In base 2, what is -1 - -11111010110?
11111010101
In base 14, what is 29 + -2?
27
In base 5, what is -4 - 200?
-204
In base 16, what is 4 - 47?
-43
In base 4, what is 300300 - -10?
300310
In base 8, what is -46443 + 0?
-46443
In base 4, what is 10132 - 3?
10123
In base 6, what is 12 - 125?
-113
In base 15, what is 1a - -29?
44
In base 2, what is -10000000 - -101?
-1111011
In base 5, what is -1 + -3410?
-3411
In base 8, what is -1 - 20?
-21
In base 13, what is -3 + -24?
-27
In base 5, what is 2 + -23004?
-23002
In base 6, what is -2 - -3540?
3534
In base 16, what is -1a + -47?
-61
In base 7, what is -3 - -23264?
23261
In base 11, what is -2 + 22?
20
In base 5, what is 0 - 241?
-241
In base 14, what is 2 - -48?
4a
In base 2, what is 110 + 101101111111?
101110000101
In base 11, what is -1196 - -5?
-1191
In base 10, what is 231 + 7?
238
In base 16, what is -26e - 6?
-274
In base 10, what is -5 + -110?
-115
In base 6, what is 1214 - 4?
1210
In base 8, what is -43242 + 1?
-43241
In base 13, what is 0 - -98a?
98a
In base 3, what is -10 + 202?
122
In base 16, what is f - -b?
1a
In base 14, what is 54d - -1?
550
In base 4, what is 2 + -1121?
-1113
In base 5, what is 13233 + 110?
13343
In base 3, what is 1002 + 1100?
2102
In base 9, what is 1 + 1587?
1588
In base 16, what is -7f - b?
-8a
In base 3, what is 1021221 - 11?
1021210
In base 6, what is -4 - 3242?
-3250
In base 6, what is -5 - -141?
132
In base 9, what is 5170 - 4?
5165
In base 10, what is 3 - 12?
-9
In base 14, what is -6a + 4?
-66
In base 11, what is -27 + -75a?
-786
In base 14, what is -3 - 78?
-7b
In base 5, what is 221 - -4?
230
In base 11, what is -271 + -5?
-276
In base 4, what is -3301 + -2?
-3303
In base 4, what is 332210 + 2?
332212
In base 4, what is -11 - -333033?
333022
In base 8, what is -52 - 16?
-70
In base 15, what is -e66 - 1?
-e67
In base 9, what is -1513 + -3?
-1516
In base 15, what is 5 - 771?
-76b
In base 5, what is 402 + 0?
402
In base 3, what is -10101 + -2?
-10110
In base 14, what is 68 - 0?
68
In base 15, what is -4aa - 4?
-4ae
In base 2, what is 100 - -111111111111?
1000000000011
In base 14, what is 3 + -388?
-385
In base 12, what is -72 + -14?
-86
In base 13, what is -89b + -4?
-8a2
In base 13, what is -7 - -2a?
23
In base 6, what is -5 - 240?
-245
In base 2, what is -100010000011 - -1?
-100010000010
In base 10, what is 153 - -5?
158
In base 10, what is 24 + 279?
303
In base 5, what is 2411 + 13?
2424
In base 2, what is 101 + 11100001010?
11100001111
In base 6, what is -3 + 1430?
1423
In base 7, what is 4 + 1366?
1403
In base 11, what is 6 + -18?
-12
In base 16, what is c2 - 2?
c0
In base 6, what is 203 + -2?
201
In base 4, what is 11 - 1012?
-1001
In base 12, what is 222 + -3?
21b
In base 7, what is 123 - 1?
122
In base 10, what is -1283 - 2?
-1285
In base 10, what is 162 - -1?
163
In base 15, what is 35c + -4?
358
In base 12, what is -539 - -29?
-510
In base 9, what is -4436 + -3?
-4440
In base 14, what is -88 - 2?
-8a
In base 3, what is -22011 - -111?
-21200
In base 15, what is 2 + -125?
-123
In base 15, what is -8c - e?
-9b
In base 6, what is -205 - 1330?
-1535
In base 14, what is 35 - -32?
67
In base 12, what is -2 - -66?
64
In base 8, what is 106 + 5?
113
In base 12, what is a - 39?
-2b
In base 11, what is -a + 1511?
1502
In base 10, what is -1603 - 4?
-1607
In base 6, what is -3010 + -2?
-3012
In base 13, what is 6 + 1b?
24
In base 16, what is 3 - 57?
-54
In base 10, what is 3 + -367?
-364
In base 3, what is 102022 - -22?
102121
In base 12, what is -8 + 7?
-1
In base 11, what is -3 - 328?
-330
In base 15, what is 5 - -16?
1b
In base 3, what is 221 + -1120122?
-1112201
In base 13, what is c - -2?
11
In base 7, what is 3416 + -2?
3414
In base 15, what is 13 + c?
20
In base 10, what is -58 - -14?
-44
In base 5, what is 301141 + 0?
301141
In base 7, what is -33 + -33?
-66
In base 16, what is -1 - -26?
25
In base 6, what is -15 + -113?
-132
In base 13, what is -742 + 4?
-73b
In base 14, what is -c - -a?
-2
In base 11, what is -104 + 8?
-a7
In base 16, what is -5 + -97?
-9c
In base 8, what is 2 - -3217?
3221
In base 8, what is 4 + 150?
154
In base 7, what is -23324 + 1?
-23323
In base 16, what is a + -2cf?
-2c5
In base 6, what is 1411 + 21?
1432
In base 6, what is 22314 + -4?
22310
In base 6, what is -103 - -3?
-100
In base 7, what is 36 + -422?
-353
In base 12, what is -227 + -6?
-231
In base 13, what is 309a + 3?
30a0
In base 9, what is -2 + -114?
-116
In base 5, what is 0 + -314?
-314
In base 12, what is 21 - 3?
1a
In base 10, what is 4 + -55?
-51
In base 2, what is -100 - -11111?
11011
In base 6, what is -110 + -12?
-122
In base 14, what is 300 - -1?
301
In base 14, what is -4 + -33?
-37
In base 8, what is 4130 + -2?
4126
In base 13, what is 5 + -511?
-509
In base 5, what is 11 + -10002?
-4441
In base 9, what is 6 - -106?
113
In base 4, what is 10033 + 0?
10033
In base 7, what is 121 + 0?
121
In base 10, what is -3 + 15?
12
In base 11, what is -184 - 0?
-184
In base 2, what is -1 - 100001?
-100010
In base 5, what is -321 + -10?
-331
In base 13, what is 5 + 2115?
211a
In base 4, what is -132 + 102?
-30
In base 11, what is 145 - -5?
14a
In base 16, what is -14b7 - 3?
-14ba
In base 15, what is -46 + -1?
-47
In base 5, what is -40 + -300?
-340
In base 14, what is 8 - 41?
-37
In base 12, what is -1 - -19a?
199
In base 4, what is 1332 - 11?
1321
In base 2, what is 100110111 + 101?
100111100
In base 6, what is 2 + 200?
202
In base 13, what is 1bc - 8?
1b4
In base 2, what is -1010001111 + 0?
-1010001111
In base 14, what is 0 + 74?
74
In base 7, what is -4 + -131?
-135
In base 2, what is 100 + -1100?
-1000
In base 7, what is 1 + 141?
142
In base 6, what is 300555 + 0?
300555
In base 7, what is -2 - -4?
2
In base 13, what is 5 - 22?
-1a
In base 8, what is 3403 + -4?
3377
In base 12, what is 7 - -20?
27
In base 4, what is 10012 + -1?
10011
In base 11, what is 5 + 14?
19
In base 15, what is -76b + -9?
-775
In base 2, what is 101 + 11110101100?
11110110001
In base 8, what is -7 - 436?
-445
In base 10, what is 3816 + 1?
3817
In base 11, what is 1080 - 5?
1076
In base 5, what is -1 - 1112?
-1113
In base 3, what is -10 - 1221112?
-1221122
In base 4, what is 10 - 2012?
-2002
In base 7, what is -4 - 563?
-600
In base 4, what is 3121101 + -3?
3121032
In base 3, what is 1222111 - -12?
1222200
In base 10, what is 10337 - 1?
10336
In base 12, what is 50 - -3?
53
In base 11, what is 1766 - 5?
1761
In base 5, what is 1041 + 12?
1103
In base 2, what is -1111 - -1010?
-101
In base 12, what is -15a - -1?
-159
In base 8, what is -4 + -10632?
-10636
In base 9, what is 274 - -54?
338
In base 8, what is -21 - -170?
147
In base 8, what is -437 + -2?
-441
In base 10, what is 6 + 540?
546
In base 3, what is -12 + -101?
-120
In base 3, what is -1111210 + 1?
-1111202
In base 16, what is e0 - 0?
e0
In base 15, what is 5c + -68?
-b
In base 10, what is -13 + 180?
167
In base 11, what is 116 - -40?
156
In base 16, what is -4d7 - -5?
-4d2
In base 5, what is 12 + -214?
-202
In base 8, what is -3 - -654?
651
In base 15, what is -14 + -175?
-189
In base 6, what is 44451 - -1?
44452
In base 10, what is 1 + -52?
-51
In base 6, what is 403 - -5?
412
In base 13, what is -923 - -5?
-91b
In base 5, what is -110 - -330?
220
In base 2, what is -100110 + -100?
-101010
In base 6, what is -4215 + -4?
-4223
In base 11, what is -30 + -588?
-608
In base 4, what is -10 - 313